{"id":2,"date":"2016-05-13T13:12:25","date_gmt":"2016-05-13T11:12:25","guid":{"rendered":"http:\/\/sites.unipa.it\/master-gsru\/?page_id=2"},"modified":"2026-01-15T12:02:26","modified_gmt":"2026-01-15T11:02:26","slug":"pagina-di-esempio","status":"publish","type":"page","link":"https:\/\/sites.unipa.it\/master-gsru\/","title":{"rendered":""},"content":{"rendered":"<div class=\"wp-block-image\">\r\n<figure class=\"aligncenter size-large is-resized\"><img loading=\"lazy\" class=\"wp-image-761\" src=\"http:\/\/sites.unipa.it\/master-gsru\/wp-content\/uploads\/hr-assistant-job-description-1024x539.png\" alt=\"\" width=\"768\" height=\"404\" srcset=\"https:\/\/sites.unipa.it\/master-gsru\/wp-content\/uploads\/hr-assistant-job-description-1024x539.png 1024w, https:\/\/sites.unipa.it\/master-gsru\/wp-content\/uploads\/hr-assistant-job-description-300x158.png 300w, https:\/\/sites.unipa.it\/master-gsru\/wp-content\/uploads\/hr-assistant-job-description-956x503.png 956w, https:\/\/sites.unipa.it\/master-gsru\/wp-content\/uploads\/hr-assistant-job-description.png 1412w\" sizes=\"(max-width: 768px) 100vw, 768px\" \/><\/figure><\/div>\r\n\r\n\r\n<p class=\"has-text-align-center has-vivid-cyan-blue-color has-text-color\" style=\"font-size: 26px; text-align: center;\"><strong>Il bando per la XIV edizione del Master (A.A. 2025\/26) \u00e8 online!<\/strong><br \/><a href=\"https:\/\/www.unipa.it\/servizi\/masterecorsidiperfezionamento\/master-di-ii-livello\/index.html\">Consultalo qui<\/a><\/p>\r\n<p class=\"has-text-align-center has-vivid-cyan-blue-color has-text-color\" style=\"font-size: 26px; text-align: center;\">(la scadenza \u00e8 stata <strong>prorogata<\/strong> al<span style=\"color: #ff0000;\"><strong> 29 gennaio 2025<\/strong><\/span>)<\/p>\r\n\r\n\r\n\r\n<p style=\"font-size: 16px;\">Il nostro master \u00e8 un <strong>percorso accademico di alta specializzazione<\/strong> che ha la finalit\u00e0 di sviluppare competenze professionali per tutti quegli ambiti nei quali \u00e8 indispensabile valutare, al fine di svilupparle, le competenze degli individui in armonia con le richieste delle organizzazioni lavorative. Il ruolo di esperto\/responsabile delle Risorse Umane \u00e8 oggi una <strong>figura considerata cruciale in tutte le organizzazioni che vogliono trarre il meglio dal lavoro delle persone<\/strong>. Tutto ci\u00f2 in uno scenario nel quale <strong>le persone non cercano pi\u00f9 esclusivamente\u00a0un tornaconto economico<\/strong> e la sicurezza fisica nel luogo di lavoro, <strong>ma anche un senso e un significato nel lavorare<\/strong>, un ruolo sociale adeguato e la possibilit\u00e0 di crescere. All&#8217;esperto del settore \u00e8 ovviamente richiesta una adeguata competenza non soltanto degli strumenti utili a trovare tale equilibrio, ma anche una solida conoscenza dei riferimenti legali ed amministrativi alla base della relazione formale che si instaura tra un lavoratore e una organizzazione lavorativa.<br \/><strong>Circa l&#8217;80% delle lezioni e delle esercitazioni \u00e8 tenuta da professionisti del settore<\/strong>.<br \/>Essendo un <strong>corso universitario<\/strong>, il Master ha l&#8217;innegabile vantaggio di avere un &#8220;<strong>valore legale<\/strong>&#8221; differente da corsi di pi\u00f9 breve durata e non riconoscibili come titoli di studio. Ma non \u00e8 su questo &#8220;vantaggio&#8221; che il gruppo di docenti universitari che compongono il consiglio scientifico ha puntato in questi anni, coscienti che per formare una figura dalle competenze cos\u00ec complesse fosse necessario organizzare attivit\u00e0 esercitative e laboratoriali condotte da professionisti che operano costantemente negli ambiti delle risorse umane.<\/p>\r\n\r\n\r\n\r\n<p class=\"has-text-align-center has-black-color has-text-color\"><strong>IL MASTER COME STRUMENTO PER LO SVILUPPO DELLA CARRIERA, ANCHE NELLE PUBBLICHE AMMINISTRAZIONI<\/strong><\/p>\r\n\r\n\r\n\r\n<p>Sono diversi gli sbocchi professionali per un esperto in gestione sviluppo delle risorse umane. <strong>Sempre pi\u00f9 spesso infatti le organizzazioni lavorative richiedono un esperto nella gestione e nello sviluppo delle persone,<\/strong>\u00a0che sia in grado di comprendere attraverso quali leve motivarle, e\u00a0allo stesso tempo che sappia <strong>mettere in atto delle adeguate procedure organizzative<\/strong> utili a mantenere il giusto\u00a0livello di benessere nei singoli individui. <strong>Anche le pubbliche amministrazioni<\/strong>, sempre pi\u00f9 spesso oggetto di valutazione delle proprie performance, valorizzano una figura specialistica con tali competenze. Il Master \u00e8 stato accreditato presso la Scuola Nazionale dell&#8217;Amministrazione\u00a0(SNA), che nella edizione 2016\/17\u00a0ha finanziato, unico master nel sud Italia, una borsa di studio dedicata ad un funzionario o ad un dirigente pubblico. <strong>Attualmente il Master \u00e8 tra i &#8220;Master Executive&#8221; per i quali INPS offre totale copertura della borsa ai dipendenti pubblici che ne sono ammessi. <\/strong>Sono diversi ogni anno i funzionari delle PP.AA. che, in linea con quanto richiesto dalle proprie strutture per le progressioni di carriera, frequentano proficuamente il Master.<\/p>\r\n\r\n\r\n\r\n<p class=\"has-text-align-center\">\u00a0<\/p>\r\n\r\n\r\n\r\n<p class=\"has-text-align-center\">\u00a0<\/p>\r\n","protected":false},"excerpt":{"rendered":"<p>Il bando per la XIV edizione del Master (A.A. 2025\/26) \u00e8 online!Consultalo qui (la scadenza \u00e8 stata prorogata al 29 gennaio 2025) Il nostro master \u00e8 un percorso accademico di alta specializzazione che ha la finalit\u00e0 di sviluppare competenze professionali&#8230;<br \/><a class=\"read-more-button\" href=\"https:\/\/sites.unipa.it\/master-gsru\/\">Continua a leggere<\/a><\/p>\n","protected":false},"author":1,"featured_media":0,"parent":0,"menu_order":0,"comment_status":"closed","ping_status":"open","template":"template-full-width.php","meta":[],"_links":{"self":[{"href":"https:\/\/sites.unipa.it\/master-gsru\/index.php\/wp-json\/wp\/v2\/pages\/2"}],"collection":[{"href":"https:\/\/sites.unipa.it\/master-gsru\/index.php\/wp-json\/wp\/v2\/pages"}],"about":[{"href":"https:\/\/sites.unipa.it\/master-gsru\/index.php\/wp-json\/wp\/v2\/types\/page"}],"author":[{"embeddable":true,"href":"https:\/\/sites.unipa.it\/master-gsru\/index.php\/wp-json\/wp\/v2\/users\/1"}],"replies":[{"embeddable":true,"href":"https:\/\/sites.unipa.it\/master-gsru\/index.php\/wp-json\/wp\/v2\/comments?post=2"}],"version-history":[{"count":67,"href":"https:\/\/sites.unipa.it\/master-gsru\/index.php\/wp-json\/wp\/v2\/pages\/2\/revisions"}],"predecessor-version":[{"id":788,"href":"https:\/\/sites.unipa.it\/master-gsru\/index.php\/wp-json\/wp\/v2\/pages\/2\/revisions\/788"}],"wp:attachment":[{"href":"https:\/\/sites.unipa.it\/master-gsru\/index.php\/wp-json\/wp\/v2\/media?parent=2"}],"curies":[{"name":"wp","href":"https:\/\/api.w.org\/{rel}","templated":true}]}}